[INFO] cloning repository https://github.com/gtzampanakis/justshoot
[INFO] running `Command { std: "git" "-c" "credential.helper=" "-c" "credential.helper=/workspace/cargo-home/bin/git-credential-null" "clone" "--bare" "https://github.com/gtzampanakis/justshoot" "/workspace/cache/git-repos/https%3A%2F%2Fgithub.com%2Fgtzampanakis%2Fjustshoot", kill_on_drop: false }`
[INFO] [stderr] Cloning into bare repository '/workspace/cache/git-repos/https%3A%2F%2Fgithub.com%2Fgtzampanakis%2Fjustshoot'...
[INFO] running `Command { std: "git" "rev-parse" "HEAD", kill_on_drop: false }`
[INFO] [stdout] 767373be9e0ef9a229c8bd8aeeffc71afa8d077c
[INFO] checking gtzampanakis/justshoot against try#72f88fc4e9458f89516a0b8b0868f3718aec5b47 for pr-74989
[INFO] running `Command { std: "git" "clone" "/workspace/cache/git-repos/https%3A%2F%2Fgithub.com%2Fgtzampanakis%2Fjustshoot" "/workspace/builds/worker-0/source", kill_on_drop: false }`
[INFO] [stderr] Cloning into '/workspace/builds/worker-0/source'...
[INFO] [stderr] done.
[INFO] validating manifest of git repo https://github.com/gtzampanakis/justshoot on toolchain 72f88fc4e9458f89516a0b8b0868f3718aec5b47
[INFO] running `Command { std: "/workspace/cargo-home/bin/cargo" "+72f88fc4e9458f89516a0b8b0868f3718aec5b47" "read-manifest" "--manifest-path" "Cargo.toml", kill_on_drop: false }`
[INFO] started tweaking git repo https://github.com/gtzampanakis/justshoot
[INFO] finished tweaking git repo https://github.com/gtzampanakis/justshoot
[INFO] tweaked toml for git repo https://github.com/gtzampanakis/justshoot written to /workspace/builds/worker-0/source/Cargo.toml
[INFO] crate git repo https://github.com/gtzampanakis/justshoot already has a lockfile, it will not be regenerated
[INFO] running `Command { std: "/workspace/cargo-home/bin/cargo" "+72f88fc4e9458f89516a0b8b0868f3718aec5b47" "fetch" "--locked" "--manifest-path" "Cargo.toml", kill_on_drop: false }`
[INFO] [stderr]  Downloading crates ...
[INFO] [stderr]   Downloaded pkg-config v0.3.12
[INFO] [stderr]   Downloaded gfx_device_gl v0.15.3
[INFO] [stderr]   Downloaded rawpointer v0.1.0
[INFO] [stderr]   Downloaded byteorder v1.2.4
[INFO] [stderr]   Downloaded nom v3.2.1
[INFO] [stderr]   Downloaded libloading v0.4.3
[INFO] [stderr]   Downloaded claxon v0.3.1
[INFO] [stderr]   Downloaded cexpr v0.2.3
[INFO] [stderr]   Downloaded nalgebra v0.16.0
[INFO] [stderr]   Downloaded euclid v0.17.3
[INFO] [stderr]   Downloaded generic-array v0.8.3
[INFO] [stderr]   Downloaded lyon_path v0.10.1
[INFO] [stderr]   Downloaded inflate v0.4.3
[INFO] [stderr]   Downloaded app_dirs2 v2.0.3
[INFO] [stderr]   Downloaded ole32-sys v0.2.0
[INFO] [stderr]   Downloaded num-iter v0.1.37
[INFO] [stderr]   Downloaded clang-sys v0.21.2
[INFO] [stderr]   Downloaded lewton v0.5.2
[INFO] [stderr]   Downloaded shell32-sys v0.1.2
[INFO] [stderr]   Downloaded gfx_window_sdl v0.8.0
[INFO] [stderr]   Downloaded env_logger v0.4.3
[INFO] [stderr]   Downloaded which v1.0.5
[INFO] [stderr]   Downloaded generic-array v0.11.1
[INFO] [stderr]   Downloaded lyon_geom v0.10.1
[INFO] [stderr]   Downloaded zip v0.3.3
[INFO] [stderr]   Downloaded stb_truetype v0.2.2
[INFO] [stderr]   Downloaded nalgebra v0.14.4
[INFO] [stderr]   Downloaded syn v0.14.7
[INFO] [stderr]   Downloaded sdl2-sys v0.31.0
[INFO] [stderr]   Downloaded bindgen v0.32.3
[INFO] [stderr]   Downloaded rand v0.5.4
[INFO] [stderr]   Downloaded num-complex v0.2.0
[INFO] [stderr]   Downloaded ggez v0.4.3
[INFO] [stderr]   Downloaded approx v0.3.0
[INFO] [stderr]   Downloaded gfx_glyph v0.10.2
[INFO] [stderr]   Downloaded cgmath v0.14.1
[INFO] [stderr]   Downloaded twox-hash v1.1.1
[INFO] [stderr]   Downloaded sdl2 v0.31.0
[INFO] [stderr]   Downloaded num-complex v0.1.43
[INFO] [stderr]   Downloaded coreaudio-sys v0.2.2
[INFO] [stderr]   Downloaded lyon v0.10.2
[INFO] [stderr]   Downloaded approx v0.1.1
[INFO] [stderr]   Downloaded ogg v0.4.1
[INFO] [stderr]   Downloaded bzip2-sys v0.1.6
[INFO] [stderr]   Downloaded xi-unicode v0.1.0
[INFO] [stderr]   Downloaded rusttype v0.5.2
[INFO] [stderr]   Downloaded matrixmultiply v0.1.14
[INFO] [stderr]   Downloaded alga v0.5.4
[INFO] [stderr]   Downloaded xdg v2.1.0
[INFO] [stderr]   Downloaded gfx_core v0.8.2
[INFO] [stderr]   Downloaded lyon_tessellation v0.10.2
[INFO] [stderr]   Downloaded rodio v0.7.0
[INFO] [stderr]   Downloaded num-derive v0.2.2
[INFO] [stderr]   Downloaded alga v0.7.0
[INFO] [stderr]   Downloaded quote v0.6.5
[INFO] [stderr]   Downloaded msdos_time v0.1.6
[INFO] [stderr]   Downloaded smart-default v0.2.0
[INFO] running `Command { std: "docker" "create" "-v" "/var/lib/crater-agent-workspace/builds/worker-0/target:/opt/rustwide/target:rw,Z" "-v" "/var/lib/crater-agent-workspace/builds/worker-0/source:/opt/rustwide/workdir:ro,Z" "-v" "/var/lib/crater-agent-workspace/cargo-home:/opt/rustwide/cargo-home:ro,Z" "-v" "/var/lib/crater-agent-workspace/rustup-home:/opt/rustwide/rustup-home:ro,Z" "-e" "SOURCE_DIR=/opt/rustwide/workdir" "-e" "CARGO_TARGET_DIR=/opt/rustwide/target" "-e" "CARGO_HOME=/opt/rustwide/cargo-home" "-e" "RUSTUP_HOME=/opt/rustwide/rustup-home" "-w" "/opt/rustwide/workdir" "-m" "1610612736" "--user" "0:0" "--network" "none" "rustops/crates-build-env@sha256:d92eaeed33fa75130ca1ee6c8a01d1ffb62bac859dfdfb3450e3e5d1c0146529" "/opt/rustwide/cargo-home/bin/cargo" "+72f88fc4e9458f89516a0b8b0868f3718aec5b47" "metadata" "--no-deps" "--format-version=1", kill_on_drop: false }`
[INFO] [stdout] c56a7378402144351b47d04fa0c13532c27489ff84bec3fcb64a68f39d5a9eec
[INFO] [stderr] WARNING: Your kernel does not support swap limit capabilities or the cgroup is not mounted. Memory limited without swap.
[INFO] running `Command { std: "docker" "start" "-a" "c56a7378402144351b47d04fa0c13532c27489ff84bec3fcb64a68f39d5a9eec", kill_on_drop: false }`
[INFO] running `Command { std: "docker" "inspect" "c56a7378402144351b47d04fa0c13532c27489ff84bec3fcb64a68f39d5a9eec", kill_on_drop: false }`
[INFO] running `Command { std: "docker" "rm" "-f" "c56a7378402144351b47d04fa0c13532c27489ff84bec3fcb64a68f39d5a9eec", kill_on_drop: false }`
[INFO] [stdout] c56a7378402144351b47d04fa0c13532c27489ff84bec3fcb64a68f39d5a9eec
[INFO] running `Command { std: "docker" "create" "-v" "/var/lib/crater-agent-workspace/builds/worker-0/target:/opt/rustwide/target:rw,Z" "-v" "/var/lib/crater-agent-workspace/builds/worker-0/source:/opt/rustwide/workdir:ro,Z" "-v" "/var/lib/crater-agent-workspace/cargo-home:/opt/rustwide/cargo-home:ro,Z" "-v" "/var/lib/crater-agent-workspace/rustup-home:/opt/rustwide/rustup-home:ro,Z" "-e" "SOURCE_DIR=/opt/rustwide/workdir" "-e" "CARGO_TARGET_DIR=/opt/rustwide/target" "-e" "CARGO_INCREMENTAL=0" "-e" "RUST_BACKTRACE=full" "-e" "RUSTFLAGS=--cap-lints=forbid" "-e" "CARGO_HOME=/opt/rustwide/cargo-home" "-e" "RUSTUP_HOME=/opt/rustwide/rustup-home" "-w" "/opt/rustwide/workdir" "-m" "1610612736" "--user" "0:0" "--network" "none" "rustops/crates-build-env@sha256:d92eaeed33fa75130ca1ee6c8a01d1ffb62bac859dfdfb3450e3e5d1c0146529" "/opt/rustwide/cargo-home/bin/cargo" "+72f88fc4e9458f89516a0b8b0868f3718aec5b47" "check" "--frozen" "--all" "--all-targets" "--message-format=json", kill_on_drop: false }`
[INFO] [stderr] WARNING: Your kernel does not support swap limit capabilities or the cgroup is not mounted. Memory limited without swap.
[INFO] [stdout] e40ba6c39f93790ecdbfade5d926945a6bbb36fcf0e94bd7e363bf621dab8aa1
[INFO] running `Command { std: "docker" "start" "-a" "e40ba6c39f93790ecdbfade5d926945a6bbb36fcf0e94bd7e363bf621dab8aa1", kill_on_drop: false }`
[INFO] [stderr]    Compiling num-traits v0.2.5
[INFO] [stderr]     Checking libc v0.2.42
[INFO] [stderr]    Compiling cfg-if v0.1.4
[INFO] [stderr]    Compiling cc v1.0.18
[INFO] [stderr]     Checking byteorder v1.2.4
[INFO] [stderr]    Compiling num-integer v0.1.39
[INFO] [stderr]     Checking bitflags v1.0.3
[INFO] [stderr]    Compiling khronos_api v2.2.0
[INFO] [stderr]    Compiling num-iter v0.1.37
[INFO] [stderr]    Compiling either v1.5.0
[INFO] [stderr]     Checking approx v0.1.1
[INFO] [stderr]    Compiling typenum v1.10.0
[INFO] [stderr]    Compiling pkg-config v0.3.12
[INFO] [stderr]     Checking adler32 v1.0.3
[INFO] [stderr]     Checking rand_core v0.2.1
[INFO] [stderr]    Compiling matrixmultiply v0.1.14
[INFO] [stderr]    Compiling num-complex v0.2.0
[INFO] [stderr]    Compiling serde v1.0.70
[INFO] [stderr]     Checking rawpointer v0.1.0
[INFO] [stderr]     Checking lazy_static v0.2.11
[INFO] [stderr]     Checking bitflags v0.7.0
[INFO] [stderr]     Checking lzw v0.10.0
[INFO] [stderr]     Checking fnv v1.0.6
[INFO] [stderr]     Checking color_quant v1.0.1
[INFO] [stderr]     Checking linked-hash-map v0.5.1
[INFO] [stderr]     Checking rustc-demangle v0.1.9
[INFO] [stderr]     Checking xi-unicode v0.1.0
[INFO] [stderr]     Checking xdg v2.1.0
[INFO] [stderr]     Checking unicode-normalization v0.1.7
[INFO] [stderr]     Checking claxon v0.3.1
[INFO] [stderr]    Compiling syn v0.10.8
[INFO] [stderr]     Checking arrayvec v0.4.7
[INFO] [stderr]    Compiling proc-macro2 v0.4.9
[INFO] [stderr]     Checking log v0.4.3
[INFO] [stderr]    Compiling xml-rs v0.7.0
[INFO] [stderr]     Checking draw_state v0.8.0
[INFO] [stderr]     Checking unreachable v0.1.1
[INFO] [stderr]    Compiling sdl2-sys v0.31.0
[INFO] [stderr]    Compiling itertools v0.5.10
[INFO] [stderr]     Checking inflate v0.4.3
[INFO] [stderr]     Checking deflate v0.7.18
[INFO] [stderr]     Checking stb_truetype v0.2.2
[INFO] [stderr]     Checking ogg v0.4.1
[INFO] [stderr]     Checking jpeg-decoder v0.1.15
[INFO] [stderr]     Checking gif v0.10.0
[INFO] [stderr]     Checking rand v0.4.2
[INFO] [stderr]     Checking rand v0.5.4
[INFO] [stderr]     Checking time v0.1.40
[INFO] [stderr]     Checking app_dirs2 v2.0.3
[INFO] [stderr]    Compiling quote v0.6.5
[INFO] [stderr]     Checking lewton v0.5.2
[INFO] [stderr]    Compiling alsa-sys v0.1.2
[INFO] [stderr]    Compiling smart-default v0.2.0
[INFO] [stderr]     Checking msdos_time v0.1.6
[INFO] [stderr]    Compiling syn v0.14.7
[INFO] [stderr]     Checking rand v0.3.22
[INFO] [stderr]    Compiling gl_generator v0.9.0
[INFO] [stderr]     Checking cpal v0.8.2
[INFO] [stderr]    Compiling backtrace-sys v0.1.23
[INFO] [stderr]    Compiling bzip2-sys v0.1.6
[INFO] [stderr]     Checking twox-hash v1.1.1
[INFO] [stderr]     Checking num-traits v0.1.43
[INFO] [stderr]     Checking num-complex v0.1.43
[INFO] [stderr]     Checking approx v0.3.0
[INFO] [stderr]     Checking euclid v0.17.3
[INFO] [stderr]     Checking sid v0.5.2
[INFO] [stderr]     Checking ordered-float v0.5.0
[INFO] [stderr]     Checking cgmath v0.14.1
[INFO] [stderr]     Checking generic-array v0.8.3
[INFO] [stderr]     Checking generic-array v0.11.1
[INFO] [stderr]     Checking num-rational v0.1.42
[INFO] [stderr]     Checking rusttype v0.5.2
[INFO] [stderr]     Checking alga v0.5.4
[INFO] [stderr]     Checking alga v0.7.0
[INFO] [stderr]     Checking num v0.1.42
[INFO] [stderr]     Checking png v0.12.0
[INFO] [stderr]     Checking sdl2 v0.31.0
[INFO] [stderr]     Checking lyon_geom v0.10.1
[INFO] [stderr]     Checking bzip2 v0.3.3
[INFO] [stderr]    Compiling gfx_gl v0.5.0
[INFO] [stderr]     Checking backtrace v0.3.9
[INFO] [stderr]     Checking zip v0.3.3
[INFO] [stderr]     Checking lyon_path v0.10.1
[INFO] [stderr]     Checking nalgebra v0.16.0
[INFO] [stderr]     Checking nalgebra v0.14.4
[INFO] [stderr]     Checking lyon_tessellation v0.10.2
[INFO] [stderr]     Checking lyon v0.10.2
[INFO] [stderr]     Checking rodio v0.7.0
[INFO] [stderr]    Compiling num-derive v0.2.2
[INFO] [stderr]    Compiling serde_derive v1.0.70
[INFO] [stderr]    Compiling derivative v1.0.0
[INFO] [stdout] error[E0592]: duplicate definitions with name `new`
[INFO] [stdout]    --> /opt/rustwide/cargo-home/registry/src/github.com-1ecc6299db9ec823/nalgebra-0.14.4/src/core/construction.rs:510:13
[INFO] [stdout]     |
[INFO] [stdout] 510 |               pub fn new($($args: N),*) -> Self {
[INFO] [stdout]     |               ^^^^^^^^^^^^^^^^^^^^^^^^^^^^^^^^^ duplicate definitions for `new`
[INFO] [stdout] ...
[INFO] [stdout] 522 | / componentwise_constructors_impl!(
[INFO] [stdout] 523 | |     /*
[INFO] [stdout] 524 | |      * Square matrices 1 .. 6.
[INFO] [stdout] 525 | |      */
[INFO] [stdout] ...   |
[INFO] [stdout] 664 | |     U6, U1, x:(0,0), y:(1,0), z:(2,0), w:(3,0), a:(4,0), b:(5,0);
[INFO] [stdout] 665 | | );
[INFO] [stdout]     | |__- in this macro invocation
[INFO] [stdout]     | 
[INFO] [stdout]    ::: /opt/rustwide/cargo-home/registry/src/github.com-1ecc6299db9ec823/nalgebra-0.14.4/src/core/construction_slice_deprecated.rs:171:13
[INFO] [stdout]     |
[INFO] [stdout] 171 |               pub fn new(data: &'a [N], $($args: usize),*) -> Self {
[INFO] [stdout]     |               ---------------------------------------------------- other definition for `new`
[INFO] [stdout]     |
[INFO] [stdout]     = note: this error originates in a macro (in Nightly builds, run with -Z macro-backtrace for more info)
[INFO] [stdout] 
[INFO] [stdout] 
[INFO] [stdout] error[E0592]: duplicate definitions with name `new`
[INFO] [stdout]    --> /opt/rustwide/cargo-home/registry/src/github.com-1ecc6299db9ec823/nalgebra-0.14.4/src/core/construction.rs:510:13
[INFO] [stdout]     |
[INFO] [stdout] 510 |               pub fn new($($args: N),*) -> Self {
[INFO] [stdout]     |               ^^^^^^^^^^^^^^^^^^^^^^^^^^^^^^^^^ duplicate definitions for `new`
[INFO] [stdout] ...
[INFO] [stdout] 522 | / componentwise_constructors_impl!(
[INFO] [stdout] 523 | |     /*
[INFO] [stdout] 524 | |      * Square matrices 1 .. 6.
[INFO] [stdout] 525 | |      */
[INFO] [stdout] ...   |
[INFO] [stdout] 664 | |     U6, U1, x:(0,0), y:(1,0), z:(2,0), w:(3,0), a:(4,0), b:(5,0);
[INFO] [stdout] 665 | | );
[INFO] [stdout]     | |__- in this macro invocation
[INFO] [stdout]     | 
[INFO] [stdout]    ::: /opt/rustwide/cargo-home/registry/src/github.com-1ecc6299db9ec823/nalgebra-0.14.4/src/core/construction_slice_deprecated.rs:232:13
[INFO] [stdout]     |
[INFO] [stdout] 232 |               pub fn new(data: &'a mut [N], $($args: usize),*) -> Self {
[INFO] [stdout]     |               -------------------------------------------------------- other definition for `new`
[INFO] [stdout]     |
[INFO] [stdout]     = note: this error originates in a macro (in Nightly builds, run with -Z macro-backtrace for more info)
[INFO] [stdout] 
[INFO] [stdout] 
[INFO] [stdout] error: aborting due to 2 previous errors
[INFO] [stdout] 
[INFO] [stdout] 
[INFO] [stdout] For more information about this error, try `rustc --explain E0592`.
[INFO] [stdout] 
[INFO] [stderr] error: could not compile `nalgebra`.
[INFO] [stderr] 
[INFO] [stderr] To learn more, run the command again with --verbose.
[INFO] [stderr] warning: build failed, waiting for other jobs to finish...
[INFO] [stdout] error[E0502]: cannot borrow `*self` as immutable because it is also borrowed as mutable
[INFO] [stdout]    --> /opt/rustwide/cargo-home/registry/src/github.com-1ecc6299db9ec823/nalgebra-0.16.0/src/base/cg.rs:292:44
[INFO] [stdout]     |
[INFO] [stdout] 292 |                 self[(j, i)] += shift[j] * self[(D::dim() - 1, i)];
[INFO] [stdout]     |                 ---------------------------^^^^-------------------
[INFO] [stdout]     |                 |                          |
[INFO] [stdout]     |                 |                          immutable borrow occurs here
[INFO] [stdout]     |                 mutable borrow occurs here
[INFO] [stdout]     |                 mutable borrow later used here
[INFO] [stdout] 
[INFO] [stdout] 
[INFO] [stdout] error: aborting due to previous error
[INFO] [stdout] 
[INFO] [stdout] 
[INFO] [stdout] For more information about this error, try `rustc --explain E0502`.
[INFO] [stdout] 
[INFO] [stderr] error: build failed
[INFO] running `Command { std: "docker" "inspect" "e40ba6c39f93790ecdbfade5d926945a6bbb36fcf0e94bd7e363bf621dab8aa1", kill_on_drop: false }`
[INFO] running `Command { std: "docker" "rm" "-f" "e40ba6c39f93790ecdbfade5d926945a6bbb36fcf0e94bd7e363bf621dab8aa1", kill_on_drop: false }`
[INFO] [stdout] e40ba6c39f93790ecdbfade5d926945a6bbb36fcf0e94bd7e363bf621dab8aa1
